{"id":2,"date":"2014-03-28T09:11:08","date_gmt":"2014-03-28T09:11:08","guid":{"rendered":"https:\/\/www.biolandgarten.com\/?page_id=2"},"modified":"2018-02-03T18:26:18","modified_gmt":"2018-02-03T16:26:18","slug":"bio-in-tirol-von-bio-landgarten","status":"publish","type":"page","link":"https:\/\/www.biolandgarten.com\/?page_id=2","title":{"rendered":"Bio in Tirol von Bio-Landgarten"},"content":{"rendered":"<p><strong>Bio in Tirol<\/strong><\/p>\n<p>beschr\u00e4nkt sich nicht nur auf Produkte der heimischen Landwirtschaft. Denn w\u00e4hrend der kalten Wintertage ist das heimische Angebot beschr\u00e4nkt.<\/p>\n<h1><strong>Bio mit Mehrwert<\/strong><\/h1>\n<p>Vielmehr geht es darum, dass jemand in Tirol mit langj\u00e4hriger Erfahrung die besten Bioprodukte von kleinstrukturierten Biobauern\/B\u00e4uerinnen, die aus Leidenschaft arbeiten, ausw\u00e4hlt. Das ist eine Absage an die Agroindustrie, sondern bio mit Mehrwert.<\/p>\n<p>Die Idylle der freistehenden Orangenb\u00e4ume mit freilaufenden H\u00fchnern gibt es wirklich.<\/p>\n<p><a href=\"https:\/\/www.biolandgarten.com\/wp-content\/uploads\/2018\/02\/Biolandgarten_IMG_20180114_124332.jpg\"><img loading=\"lazy\" decoding=\"async\" class=\"alignnone size-medium wp-image-75\" src=\"https:\/\/www.biolandgarten.com\/wp-content\/uploads\/2018\/02\/Biolandgarten_IMG_20180114_124332-300x213.jpg\" alt=\"Bio in Tirol\" width=\"300\" height=\"213\" srcset=\"https:\/\/www.biolandgarten.com\/wp-content\/uploads\/2018\/02\/Biolandgarten_IMG_20180114_124332-300x213.jpg 300w, https:\/\/www.biolandgarten.com\/wp-content\/uploads\/2018\/02\/Biolandgarten_IMG_20180114_124332-768x544.jpg 768w, https:\/\/www.biolandgarten.com\/wp-content\/uploads\/2018\/02\/Biolandgarten_IMG_20180114_124332-1024x726.jpg 1024w, https:\/\/www.biolandgarten.com\/wp-content\/uploads\/2018\/02\/Biolandgarten_IMG_20180114_124332-423x300.jpg 423w, https:\/\/www.biolandgarten.com\/wp-content\/uploads\/2018\/02\/Biolandgarten_IMG_20180114_124332.jpg 2000w\" sizes=\"(max-width: 300px) 100vw, 300px\" \/><\/a><\/p>\n<p>&nbsp;<\/p>\n<h1>Bio in Tirol der Marke Biolandgarten:<\/h1>\n<p>Bei Bio von Bio-Landgarten ist Vertrauen besonders wichtig.<\/p>\n<p>Daher w\u00e4hlen wir unsere Partner besonders sorgf\u00e4ltig aus. Neben der Biozertifizierung f\u00fchren wir noch eigenen Kontrollen durch bzw. lassen sie durch unserer Partner durchf\u00fchren.<\/p>\n<p>Daneben ist die Kompetenz bei Obst und Gem\u00fcse, die wir als Fachh\u00e4ndler \u00fcber Generationen aufgebaut und \u00fcberliefert haben, einfach wichtig.<\/p>\n<p>Vielfach meint man, dass bei bio die \u00e4u\u00dfere und innere Qualit\u00e4t vernachl\u00e4ssigbar oder nicht erreichbar ist. Gute Biobauern\/innen sind auch in diesem Bereich Spitze.<\/p>\n<p><a href=\"https:\/\/www.biolandgarten.com\/wp-content\/uploads\/2016\/03\/Biotafelorangen_wm.jpg\"><img loading=\"lazy\" decoding=\"async\" class=\"alignnone size-medium wp-image-32\" src=\"https:\/\/www.biolandgarten.com\/wp-content\/uploads\/2016\/03\/Biotafelorangen_wm-300x193.jpg\" alt=\"Bio in Tirol\" width=\"300\" height=\"193\" srcset=\"https:\/\/www.biolandgarten.com\/wp-content\/uploads\/2016\/03\/Biotafelorangen_wm-300x193.jpg 300w, https:\/\/www.biolandgarten.com\/wp-content\/uploads\/2016\/03\/Biotafelorangen_wm-768x494.jpg 768w, https:\/\/www.biolandgarten.com\/wp-content\/uploads\/2016\/03\/Biotafelorangen_wm.jpg 1024w, https:\/\/www.biolandgarten.com\/wp-content\/uploads\/2016\/03\/Biotafelorangen_wm-466x300.jpg 466w\" sizes=\"(max-width: 300px) 100vw, 300px\" \/><\/a><\/p>\n<p>Das sind unsere Bio Tafelorangen aus Spanien.<\/p>\n<p>Erh\u00e4ltlich exklusiv bei<\/p>\n<p><a href=\"http:\/\/www.ischia.at\"><img loading=\"lazy\" decoding=\"async\" class=\"alignnone wp-image-54 size-medium\" src=\"https:\/\/www.biolandgarten.com\/wp-content\/uploads\/2016\/12\/Ischia_Logo_2015-300x102.jpg\" alt=\"Bio Orangen in Tirol\" width=\"300\" height=\"102\" srcset=\"https:\/\/www.biolandgarten.com\/wp-content\/uploads\/2016\/12\/Ischia_Logo_2015-300x102.jpg 300w, https:\/\/www.biolandgarten.com\/wp-content\/uploads\/2016\/12\/Ischia_Logo_2015-500x169.jpg 500w, https:\/\/www.biolandgarten.com\/wp-content\/uploads\/2016\/12\/Ischia_Logo_2015.jpg 732w\" sizes=\"(max-width: 300px) 100vw, 300px\" \/><\/a><\/p>\n","protected":false},"excerpt":{"rendered":"<p>Bio in Tirol beschr\u00e4nkt sich nicht nur auf Produkte der heimischen Landwirtschaft. Denn w\u00e4hrend der kalten Wintertage ist das heimische Angebot beschr\u00e4nkt. Bio mit Mehrwert Vielmehr geht es darum, dass jemand in Tirol mit langj\u00e4hriger Erfahrung die besten Bioprodukte von &hellip; <a href=\"https:\/\/www.biolandgarten.com\/?page_id=2\">Weiterlesen <span class=\"meta-nav\">&rarr;<\/span><\/a><\/p>\n","protected":false},"author":1,"featured_media":0,"parent":0,"menu_order":0,"comment_status":"open","ping_status":"open","template":"","meta":{"footnotes":""},"class_list":["post-2","page","type-page","status-publish","hentry"],"_links":{"self":[{"href":"https:\/\/www.biolandgarten.com\/index.php?rest_route=\/wp\/v2\/pages\/2"}],"collection":[{"href":"https:\/\/www.biolandgarten.com\/index.php?rest_route=\/wp\/v2\/pages"}],"about":[{"href":"https:\/\/www.biolandgarten.com\/index.php?rest_route=\/wp\/v2\/types\/page"}],"author":[{"embeddable":true,"href":"https:\/\/www.biolandgarten.com\/index.php?rest_route=\/wp\/v2\/users\/1"}],"replies":[{"embeddable":true,"href":"https:\/\/www.biolandgarten.com\/index.php?rest_route=%2Fwp%2Fv2%2Fcomments&post=2"}],"version-history":[{"count":5,"href":"https:\/\/www.biolandgarten.com\/index.php?rest_route=\/wp\/v2\/pages\/2\/revisions"}],"predecessor-version":[{"id":80,"href":"https:\/\/www.biolandgarten.com\/index.php?rest_route=\/wp\/v2\/pages\/2\/revisions\/80"}],"wp:attachment":[{"href":"https:\/\/www.biolandgarten.com\/index.php?rest_route=%2Fwp%2Fv2%2Fmedia&parent=2"}],"curies":[{"name":"wp","href":"https:\/\/api.w.org\/{rel}","templated":true}]}}